{"id":3399,"date":"2024-11-27T19:51:52","date_gmt":"2024-11-27T19:51:52","guid":{"rendered":"https:\/\/mhgmesskirch.de\/mhg\/?page_id=3399"},"modified":"2024-11-27T19:51:52","modified_gmt":"2024-11-27T19:51:52","slug":"beratungslehrerin","status":"publish","type":"page","link":"https:\/\/mhgmesskirch.de\/mhg\/?page_id=3399","title":{"rendered":"Beratungslehrerin"},"content":{"rendered":"\n<p>Liebe Sch\u00fcler*innen, Eltern und Erziehungsberechtigte,<\/p>\n\n\n\n<div class=\"wp-block-columns is-layout-flex wp-container-core-columns-is-layout-9d6595d7 wp-block-columns-is-layout-flex\">\n<div class=\"wp-block-column is-layout-flow wp-block-column-is-layout-flow\" style=\"flex-basis:66.66%\">\n<p>mein Name ist Corinna Knittel-Wiehl und ich bin seit 2011 am Martin-Heidegger-Gymnasium als Lehrerin f\u00fcr Deutsch und Geschichte und seit dem Schuljahr 2015-16 auch als Beratungslehrerin t\u00e4tig. In diesem Rahmen bin ich Ansprechpartnerin bei verschiedensten Fragen und Konflikten schulischer Art.<\/p>\n\n\n\n<p>Wichtig ist dabei, dass die Beratung <strong>der Verschwiegenheitspflicht unterliegt<\/strong>!<\/p>\n<\/div>\n\n\n\n<div class=\"wp-block-column is-layout-flow wp-block-column-is-layout-flow\" style=\"flex-basis:33.33%\"><div class=\"wp-block-image\">\n<figure class=\"aligncenter size-full is-resized\"><img loading=\"lazy\" decoding=\"async\" width=\"309\" height=\"550\" src=\"https:\/\/mhgmesskirch.de\/mhg\/wp-content\/uploads\/2024\/11\/cor-edited.png\" alt=\"\" class=\"wp-image-3402\" style=\"width:122px;height:auto\" srcset=\"https:\/\/mhgmesskirch.de\/mhg\/wp-content\/uploads\/2024\/11\/cor-edited.png 309w, https:\/\/mhgmesskirch.de\/mhg\/wp-content\/uploads\/2024\/11\/cor-edited-169x300.png 169w\" sizes=\"auto, (max-width: 309px) 100vw, 309px\" \/><\/figure>\n<\/div><\/div>\n<\/div>\n\n\n\n<p><strong>F\u00fcr Sch\u00fcler*innen bei\u2026<\/strong><\/p>\n\n\n\n<p>\u2026 Lern-, Leistungs-, und Konzentrationsschwierigkeiten<\/p>\n\n\n\n<p>\u2026 Schul-, Pr\u00fcfungsangst<\/p>\n\n\n\n<p>\u2026 Konflikten mit Mitsch\u00fcler*innen oder Lehrer*innen<\/p>\n\n\n\n<p><strong>F\u00fcr Eltern und Erziehungsberechtigte bei\u2026<\/strong><\/p>\n\n\n\n<p>\u2026 Unsicherheiten zur Wahl der Schulart<\/p>\n\n\n\n<p>\u2026&nbsp; Fragen zum Schulartwechsel<\/p>\n\n\n\n<p>&#8230; Schulschwierigkeiten des Kindes (z.B. Lern- und Arbeitsverhalten, Motivation und Konzentration)<\/p>\n\n\n\n<p>\u2026 Konflikten innerhalb der Schule (mit Mitsch\u00fcler*innen und\/oder Lehrer*innen)<\/p>\n\n\n\n<p>Die Beratungst\u00e4tigkeit setzt sich aus verschiedenen Elementen zusammen:<\/p>\n\n\n\n<ul class=\"wp-block-list\">\n<li>Gespr\u00e4chen mit Sch\u00fcler*innen und\/oder deren Eltern<\/li>\n\n\n\n<li>ggf. dem Einsatz von diagnostischen Verfahren (z.B. Begabungstests), um die Entscheidungsfindung zu unterst\u00fctzen<\/li>\n\n\n\n<li>Absprachen mit Kolleginnen und Kollegen \u00fcber F\u00f6rderm\u00f6glichkeiten f\u00fcr einzelne Sch\u00fcler\/innen, wenn dies gew\u00fcnscht ist.<\/li>\n\n\n\n<li>Vermittlung von Kontakten zu anderen Fachkr\u00e4ften und Einrichtungen<\/li>\n<\/ul>\n\n\n\n<p>\ud83d\uddb0\u00a0\u00a0\u00a0corinna.knittel@zsl-rstue.de<\/p>\n\n\n\n<p>\u260e \u00a0\u00a007575-206-3410 (Sekretariat Fr. Fuchs)<\/p>\n\n\n\n<p>\ud83d\udd82\u00a0\u00a0\u00a0Martin-Heidegger-Gymnasium<\/p>\n\n\n\n<p>\u00a0\u00a0\u00a0\u00a0\u00a0\u00a0\u00a0\u00a0Am Feldweg 26<\/p>\n\n\n\n<p>\u00a0\u00a0\u00a0\u00a0\u00a0\u00a0\u00a0\u00a088605 Me\u00dfkirch<\/p>\n\n\n\n<div data-wp-interactive=\"core\/file\" class=\"wp-block-file\"><object data-wp-bind--hidden=\"!state.hasPdfPreview\" hidden class=\"wp-block-file__embed\" data=\"https:\/\/mhgmesskirch.de\/mhg\/wp-content\/uploads\/2024\/11\/Beratungslehrer-Flyer-2024.pdf\" type=\"application\/pdf\" style=\"width:100%;height:600px\" aria-label=\"Einbettung von Beratungslehrer-Flyer 2024.\"><\/object><a id=\"wp-block-file--media-bc39eec1-1137-4f5a-8cf1-c074156a7d0d\" href=\"https:\/\/mhgmesskirch.de\/mhg\/wp-content\/uploads\/2024\/11\/Beratungslehrer-Flyer-2024.pdf\">Beratungslehrer-Flyer 2024<\/a><a href=\"https:\/\/mhgmesskirch.de\/mhg\/wp-content\/uploads\/2024\/11\/Beratungslehrer-Flyer-2024.pdf\" class=\"wp-block-file__button wp-element-button\" download aria-describedby=\"wp-block-file--media-bc39eec1-1137-4f5a-8cf1-c074156a7d0d\">Herunterladen<\/a><\/div>\n\n\n\n<p><\/p>\n\n\n\n<p>[Als Beratungslehrerin bin ich Teil des schulpsychologischen Dienstes und unterstehe in dieser Funktion deshalb der Schulpsychologischen Beratungsstelle Albstadt.]<\/p>\n","protected":false},"excerpt":{"rendered":"<p>Liebe Sch\u00fcler*innen, Eltern und Erziehungsberechtigte, mein Name ist Corinna Knittel-Wiehl und ich bin seit 2011 am Martin-Heidegger-Gymnasium als Lehrerin f\u00fcr Deutsch und Geschichte und seit dem Schuljahr 2015-16 auch als Beratungslehrerin t\u00e4tig. In diesem Rahmen bin ich Ansprechpartnerin bei verschiedensten Fragen und Konflikten schulischer Art. Wichtig ist dabei, dass die Beratung der Verschwiegenheitspflicht unterliegt! F\u00fcr [&hellip;]<\/p>\n","protected":false},"author":1,"featured_media":0,"parent":0,"menu_order":0,"comment_status":"closed","ping_status":"closed","template":"","meta":{"footnotes":""},"class_list":["post-3399","page","type-page","status-publish","hentry"],"_links":{"self":[{"href":"https:\/\/mhgmesskirch.de\/mhg\/index.php?rest_route=\/wp\/v2\/pages\/3399","targetHints":{"allow":["GET"]}}],"collection":[{"href":"https:\/\/mhgmesskirch.de\/mhg\/index.php?rest_route=\/wp\/v2\/pages"}],"about":[{"href":"https:\/\/mhgmesskirch.de\/mhg\/index.php?rest_route=\/wp\/v2\/types\/page"}],"author":[{"embeddable":true,"href":"https:\/\/mhgmesskirch.de\/mhg\/index.php?rest_route=\/wp\/v2\/users\/1"}],"replies":[{"embeddable":true,"href":"https:\/\/mhgmesskirch.de\/mhg\/index.php?rest_route=%2Fwp%2Fv2%2Fcomments&post=3399"}],"version-history":[{"count":2,"href":"https:\/\/mhgmesskirch.de\/mhg\/index.php?rest_route=\/wp\/v2\/pages\/3399\/revisions"}],"predecessor-version":[{"id":3404,"href":"https:\/\/mhgmesskirch.de\/mhg\/index.php?rest_route=\/wp\/v2\/pages\/3399\/revisions\/3404"}],"wp:attachment":[{"href":"https:\/\/mhgmesskirch.de\/mhg\/index.php?rest_route=%2Fwp%2Fv2%2Fmedia&parent=3399"}],"curies":[{"name":"wp","href":"https:\/\/api.w.org\/{rel}","templated":true}]}}

<p>Liebe Schüler*innen, Eltern und Erziehungsberechtigte,</p>



<div class="wp-block-columns is-layout-flex wp-container-core-columns-is-layout-9d6595d7 wp-block-columns-is-layout-flex">
<div class="wp-block-column is-layout-flow wp-block-column-is-layout-flow" style="flex-basis:66.66%">
<p>mein Name ist Corinna Knittel-Wiehl und ich bin seit 2011 am Martin-Heidegger-Gymnasium als Lehrerin für Deutsch und Geschichte und seit dem Schuljahr 2015-16 auch als Beratungslehrerin tätig. In diesem Rahmen bin ich Ansprechpartnerin bei verschiedensten Fragen und Konflikten schulischer Art.</p>



<p>Wichtig ist dabei, dass die Beratung <strong>der Verschwiegenheitspflicht unterliegt</strong>!</p>
</div>



<div class="wp-block-column is-layout-flow wp-block-column-is-layout-flow" style="flex-basis:33.33%"><div class="wp-block-image">
<figure class="aligncenter size-full is-resized"><img loading="lazy" decoding="async" width="309" height="550" src="https://mhgmesskirch.de/mhg/wp-content/uploads/2024/11/cor-edited.png" alt="" class="wp-image-3402" style="width:122px;height:auto" srcset="https://mhgmesskirch.de/mhg/wp-content/uploads/2024/11/cor-edited.png 309w, https://mhgmesskirch.de/mhg/wp-content/uploads/2024/11/cor-edited-169x300.png 169w" sizes="auto, (max-width: 309px) 100vw, 309px" /></figure>
</div></div>
</div>



<p><strong>Für Schüler*innen bei…</strong></p>



<p>… Lern-, Leistungs-, und Konzentrationsschwierigkeiten</p>



<p>… Schul-, Prüfungsangst</p>



<p>… Konflikten mit Mitschüler*innen oder Lehrer*innen</p>



<p><strong>Für Eltern und Erziehungsberechtigte bei…</strong></p>



<p>… Unsicherheiten zur Wahl der Schulart</p>



<p>…&nbsp; Fragen zum Schulartwechsel</p>



<p>&#8230; Schulschwierigkeiten des Kindes (z.B. Lern- und Arbeitsverhalten, Motivation und Konzentration)</p>



<p>… Konflikten innerhalb der Schule (mit Mitschüler*innen und/oder Lehrer*innen)</p>



<p>Die Beratungstätigkeit setzt sich aus verschiedenen Elementen zusammen:</p>



<ul class="wp-block-list">
<li>Gesprächen mit Schüler*innen und/oder deren Eltern</li>



<li>ggf. dem Einsatz von diagnostischen Verfahren (z.B. Begabungstests), um die Entscheidungsfindung zu unterstützen</li>



<li>Absprachen mit Kolleginnen und Kollegen über Fördermöglichkeiten für einzelne Schüler/innen, wenn dies gewünscht ist.</li>



<li>Vermittlung von Kontakten zu anderen Fachkräften und Einrichtungen</li>
</ul>



<p>🖰   corinna.knittel@zsl-rstue.de</p>



<p>☎   07575-206-3410 (Sekretariat Fr. Fuchs)</p>



<p>🖂   Martin-Heidegger-Gymnasium</p>



<p>        Am Feldweg 26</p>



<p>        88605 Meßkirch</p>



<div data-wp-interactive="core/file" class="wp-block-file"><object data-wp-bind--hidden="!state.hasPdfPreview" hidden class="wp-block-file__embed" data="https://mhgmesskirch.de/mhg/wp-content/uploads/2024/11/Beratungslehrer-Flyer-2024.pdf" type="application/pdf" style="width:100%;height:600px" aria-label="Einbettung von Beratungslehrer-Flyer 2024."></object><a id="wp-block-file--media-bc39eec1-1137-4f5a-8cf1-c074156a7d0d" href="https://mhgmesskirch.de/mhg/wp-content/uploads/2024/11/Beratungslehrer-Flyer-2024.pdf">Beratungslehrer-Flyer 2024</a><a href="https://mhgmesskirch.de/mhg/wp-content/uploads/2024/11/Beratungslehrer-Flyer-2024.pdf" class="wp-block-file__button wp-element-button" download aria-describedby="wp-block-file--media-bc39eec1-1137-4f5a-8cf1-c074156a7d0d">Herunterladen</a></div>



<p></p>



<p>[Als Beratungslehrerin bin ich Teil des schulpsychologischen Dienstes und unterstehe in dieser Funktion deshalb der Schulpsychologischen Beratungsstelle Albstadt.]</p>

<p>Liebe Schüler*innen, Eltern und Erziehungsberechtigte, mein Name ist Corinna Knittel-Wiehl und ich bin seit 2011 am Martin-Heidegger-Gymnasium als Lehrerin für Deutsch und Geschichte und seit dem Schuljahr 2015-16 auch als Beratungslehrerin tätig. In diesem Rahmen bin ich Ansprechpartnerin bei verschiedensten Fragen und Konflikten schulischer Art. Wichtig ist dabei, dass die Beratung der Verschwiegenheitspflicht unterliegt! Für [&hellip;]</p>
