{"id":497,"date":"2022-09-11T18:59:49","date_gmt":"2022-09-11T18:59:49","guid":{"rendered":"https:\/\/web49967.greatnet-hosting.de\/wordpress_10\/?page_id=497"},"modified":"2025-10-14T06:37:10","modified_gmt":"2025-10-14T06:37:10","slug":"smv","status":"publish","type":"page","link":"https:\/\/mhgmesskirch.de\/mhg\/?page_id=497","title":{"rendered":"SMV"},"content":{"rendered":"\n<figure class=\"wp-block-image size-large\"><img loading=\"lazy\" decoding=\"async\" width=\"1024\" height=\"485\" src=\"https:\/\/mhgmesskirch.de\/mhg\/wp-content\/uploads\/2024\/11\/SMV24-2-1024x485.png\" alt=\"SMV 2024 Bild\" class=\"wp-image-3392\" srcset=\"https:\/\/mhgmesskirch.de\/mhg\/wp-content\/uploads\/2024\/11\/SMV24-2-1024x485.png 1024w, https:\/\/mhgmesskirch.de\/mhg\/wp-content\/uploads\/2024\/11\/SMV24-2-300x142.png 300w, https:\/\/mhgmesskirch.de\/mhg\/wp-content\/uploads\/2024\/11\/SMV24-2-768x364.png 768w, https:\/\/mhgmesskirch.de\/mhg\/wp-content\/uploads\/2024\/11\/SMV24-2.png 1399w\" sizes=\"auto, (max-width: 1024px) 100vw, 1024px\" \/><\/figure>\n\n\n\n<h2 class=\"wp-block-heading\">Die SMV stellt sich vor: Sch\u00fclerinnen gestalten das Schulleben verantwortungsvoll mit<\/h2>\n\n\n\n<p>Die <strong>SMV<\/strong> (Sch\u00fcler-Mitverantwortung) ist ein zentrales Gremium unserer Schule und spielt eine wichtige Rolle in der Gestaltung unseres Schullebens.<\/p>\n\n\n\n<p>In der SMV \u00fcbernehmen Sch\u00fcler*innen, die zuvor von ihren Klassen als Klassensprecher*innen gew\u00e4hlt wurden, verantwortungsvolle Aufgaben, indem sie eigene Projekte initiieren, Aktionen planen und wichtige Entscheidungen f\u00fcr die Schulgemeinschaft mittragen.<\/p>\n\n\n\n<p>In verschiedenen Arbeitsgruppen organisiert die SMV kreative und abwechslungsreiche Programme f\u00fcr das anstehende Schuljahr: So stehen unter anderem Aktionen zu Weihnachten und zur Fastnacht, die Organisation des beliebten Sport- und Spieletags sowie die Durchf\u00fchrung weiterer Veranstaltungen auf der Agenda.<\/p>\n\n\n\n<p>Die SMV lebt von den Ideen und der Initiative der Sch\u00fcler*innen \u2013 hier kann jede*r eigene Vorschl\u00e4ge einbringen und gemeinsam im Team umsetzen. Auf diesem Weg \u00fcbernimmt die SMV Verantwortung f\u00fcr unsere Schule und gestaltet aktiv das Schulleben mit und ber\u00fccksichtigt dabei, was den Sch\u00fcler*innen unserer Schule wichtig ist.<\/p>\n\n\n\n<p>Da die Klassensprecher*innen das Sprachrohr der Sch\u00fcler*innen sind, laden wir euch herzlich ein, auch eure Ideen und Vorschl\u00e4ge einzubringen und unsere Schule mitzugestalten!<\/p>\n\n\n\n<h3 class=\"wp-block-heading\">Wahlergebnisse \u2013 SMV 2025\/2026<\/h3>\n\n\n\n<p><strong>Das Sch\u00fclersprecherteam bilden:<\/strong><\/p>\n\n\n\n<ul class=\"wp-block-list\">\n<li><strong>Sch\u00fclersprecherin:<\/strong> Luisa Joos (J2)<\/li>\n\n\n\n<li><strong>Stellvertretung 1:<\/strong> Sofia Mazur (J2)<\/li>\n\n\n\n<li><strong>Stellvertretung 2:<\/strong> Mira Weidele (J1)<\/li>\n<\/ul>\n\n\n\n<h4 class=\"wp-block-heading\">Teilnehmer der Schulkonferenz<\/h4>\n\n\n\n<ul class=\"wp-block-list\">\n<li>Luisa Joos<\/li>\n\n\n\n<li>Philipp Strobel<\/li>\n\n\n\n<li>Sofia Mazur<\/li>\n\n\n\n<li>Melina Beil<\/li>\n<\/ul>\n\n\n\n<h4 class=\"wp-block-heading\">SMV-Lehrer<\/h4>\n\n\n\n<p>Frau Abberger und Herr Neubrand wurden als SMV-Lehrer best\u00e4tigt.<\/p>\n\n\n\n<p><\/p>\n","protected":false},"excerpt":{"rendered":"<p>Die SMV stellt sich vor: Sch\u00fclerinnen gestalten das Schulleben verantwortungsvoll mit Die SMV (Sch\u00fcler-Mitverantwortung) ist ein zentrales Gremium unserer Schule und spielt eine wichtige Rolle in der Gestaltung unseres Schullebens. In der SMV \u00fcbernehmen Sch\u00fcler*innen, die zuvor von ihren Klassen als Klassensprecher*innen gew\u00e4hlt wurden, verantwortungsvolle Aufgaben, indem sie eigene Projekte initiieren, Aktionen planen und wichtige [&hellip;]<\/p>\n","protected":false},"author":1,"featured_media":3391,"parent":0,"menu_order":0,"comment_status":"closed","ping_status":"closed","template":"","meta":{"footnotes":""},"class_list":["post-497","page","type-page","status-publish","has-post-thumbnail","hentry"],"_links":{"self":[{"href":"https:\/\/mhgmesskirch.de\/mhg\/index.php?rest_route=\/wp\/v2\/pages\/497","targetHints":{"allow":["GET"]}}],"collection":[{"href":"https:\/\/mhgmesskirch.de\/mhg\/index.php?rest_route=\/wp\/v2\/pages"}],"about":[{"href":"https:\/\/mhgmesskirch.de\/mhg\/index.php?rest_route=\/wp\/v2\/types\/page"}],"author":[{"embeddable":true,"href":"https:\/\/mhgmesskirch.de\/mhg\/index.php?rest_route=\/wp\/v2\/users\/1"}],"replies":[{"embeddable":true,"href":"https:\/\/mhgmesskirch.de\/mhg\/index.php?rest_route=%2Fwp%2Fv2%2Fcomments&post=497"}],"version-history":[{"count":13,"href":"https:\/\/mhgmesskirch.de\/mhg\/index.php?rest_route=\/wp\/v2\/pages\/497\/revisions"}],"predecessor-version":[{"id":3822,"href":"https:\/\/mhgmesskirch.de\/mhg\/index.php?rest_route=\/wp\/v2\/pages\/497\/revisions\/3822"}],"wp:featuredmedia":[{"embeddable":true,"href":"https:\/\/mhgmesskirch.de\/mhg\/index.php?rest_route=\/wp\/v2\/media\/3391"}],"wp:attachment":[{"href":"https:\/\/mhgmesskirch.de\/mhg\/index.php?rest_route=%2Fwp%2Fv2%2Fmedia&parent=497"}],"curies":[{"name":"wp","href":"https:\/\/api.w.org\/{rel}","templated":true}]}}

<figure class="wp-block-image size-large"><img loading="lazy" decoding="async" width="1024" height="485" src="https://mhgmesskirch.de/mhg/wp-content/uploads/2024/11/SMV24-2-1024x485.png" alt="SMV 2024 Bild" class="wp-image-3392" srcset="https://mhgmesskirch.de/mhg/wp-content/uploads/2024/11/SMV24-2-1024x485.png 1024w, https://mhgmesskirch.de/mhg/wp-content/uploads/2024/11/SMV24-2-300x142.png 300w, https://mhgmesskirch.de/mhg/wp-content/uploads/2024/11/SMV24-2-768x364.png 768w, https://mhgmesskirch.de/mhg/wp-content/uploads/2024/11/SMV24-2.png 1399w" sizes="auto, (max-width: 1024px) 100vw, 1024px" /></figure>



<h2 class="wp-block-heading">Die SMV stellt sich vor: Schülerinnen gestalten das Schulleben verantwortungsvoll mit</h2>



<p>Die <strong>SMV</strong> (Schüler-Mitverantwortung) ist ein zentrales Gremium unserer Schule und spielt eine wichtige Rolle in der Gestaltung unseres Schullebens.</p>



<p>In der SMV übernehmen Schüler*innen, die zuvor von ihren Klassen als Klassensprecher*innen gewählt wurden, verantwortungsvolle Aufgaben, indem sie eigene Projekte initiieren, Aktionen planen und wichtige Entscheidungen für die Schulgemeinschaft mittragen.</p>



<p>In verschiedenen Arbeitsgruppen organisiert die SMV kreative und abwechslungsreiche Programme für das anstehende Schuljahr: So stehen unter anderem Aktionen zu Weihnachten und zur Fastnacht, die Organisation des beliebten Sport- und Spieletags sowie die Durchführung weiterer Veranstaltungen auf der Agenda.</p>



<p>Die SMV lebt von den Ideen und der Initiative der Schüler*innen – hier kann jede*r eigene Vorschläge einbringen und gemeinsam im Team umsetzen. Auf diesem Weg übernimmt die SMV Verantwortung für unsere Schule und gestaltet aktiv das Schulleben mit und berücksichtigt dabei, was den Schüler*innen unserer Schule wichtig ist.</p>



<p>Da die Klassensprecher*innen das Sprachrohr der Schüler*innen sind, laden wir euch herzlich ein, auch eure Ideen und Vorschläge einzubringen und unsere Schule mitzugestalten!</p>



<h3 class="wp-block-heading">Wahlergebnisse – SMV 2025/2026</h3>



<p><strong>Das Schülersprecherteam bilden:</strong></p>



<ul class="wp-block-list">
<li><strong>Schülersprecherin:</strong> Luisa Joos (J2)</li>



<li><strong>Stellvertretung 1:</strong> Sofia Mazur (J2)</li>



<li><strong>Stellvertretung 2:</strong> Mira Weidele (J1)</li>
</ul>



<h4 class="wp-block-heading">Teilnehmer der Schulkonferenz</h4>



<ul class="wp-block-list">
<li>Luisa Joos</li>



<li>Philipp Strobel</li>



<li>Sofia Mazur</li>



<li>Melina Beil</li>
</ul>



<h4 class="wp-block-heading">SMV-Lehrer</h4>



<p>Frau Abberger und Herr Neubrand wurden als SMV-Lehrer bestätigt.</p>



<p></p>

<p>Die SMV stellt sich vor: Schülerinnen gestalten das Schulleben verantwortungsvoll mit Die SMV (Schüler-Mitverantwortung) ist ein zentrales Gremium unserer Schule und spielt eine wichtige Rolle in der Gestaltung unseres Schullebens. In der SMV übernehmen Schüler*innen, die zuvor von ihren Klassen als Klassensprecher*innen gewählt wurden, verantwortungsvolle Aufgaben, indem sie eigene Projekte initiieren, Aktionen planen und wichtige [&hellip;]</p>
