{"id":536,"date":"2022-09-14T18:15:01","date_gmt":"2022-09-14T18:15:01","guid":{"rendered":"https:\/\/web49967.greatnet-hosting.de\/wordpress_10\/?page_id=536"},"modified":"2023-11-29T08:32:51","modified_gmt":"2023-11-29T08:32:51","slug":"schulbeschreibung","status":"publish","type":"page","link":"https:\/\/mhgmesskirch.de\/mhg\/?page_id=536","title":{"rendered":"Schulbeschreibung"},"content":{"rendered":"\n<p>Das Martin-Heidegger-Gymnasium Me\u00dfkirch ist ein allgemeinbildendes Gymnasium mit naturwissenschaftlichem und sprachlichem Profil. Es hat \u00fcber die Stadt Me\u00dfkirch hinaus ein l\u00e4ndliches Einzugsgebiet. <\/p>\n\n\n\n<p>Mit der Umstellung auf das achtj\u00e4hrige Gymnasium wurde das Martin-Heidegger-Gymnasium zu einer Ganztagesschule in offener Form ausgebaut. Das hei\u00dft, dass es an den Nachmittagen freiwillige Betreuungs- und F\u00f6rderangebote gibt. Es wurden eine Sch\u00fclerbibliothek eingerichtet, der Kunstbereich neu gestaltet und eine Halle mit Mensa, Kraftraum und B\u00fchne neu errichtet. Zuletzt wurden die Au\u00dfenanlagen mit dem Kleinsportfeld und dem Beachvolleyballfeld (Abschiedsgeschenk des Abiturjahrgangs 2008) fertiggestellt. Daneben finden sich im gesamten Schulgeb\u00e4ude Computerinseln, die den Sch\u00fclerinnen und Sch\u00fclern die M\u00f6glichkeit geben, eigenst\u00e4ndig zu arbeiten und zu recherchieren. Zum Ganztagesangebot geh\u00f6ren au\u00dferdem die Arbeitsgemeinschaften, die Betreute Lernzeit, F\u00f6rderkurse, Sch\u00fclerworkshops und die Sportangebote in der Mittagspause.<\/p>\n\n\n\n<figure class=\"wp-block-image size-full\"><img loading=\"lazy\" decoding=\"async\" width=\"2016\" height=\"1512\" src=\"https:\/\/mhgmesskirch.de\/mhg\/wp-content\/uploads\/2023\/11\/Neubau1.jpg\" alt=\"\" class=\"wp-image-2855\"\/><\/figure>\n\n\n\n<p>Das Schulgeb\u00e4ude wurde im Jahre 1973 erbaut. 1968 wurde das Martin-Heidegger-Gymnasium von einem Pro- zu einem Vollgymnasium aufgestockt. Das erste Abitur fand im Jahre 1971 statt. Im Jahr 2004 konnten der Anbau mit dem neuen Lehrerzimmer sowie dem erweiterten Musikbereich bezogen werden. Dadurch stehen insgesamt 18 Klassenzimmer und f\u00fcnf naturwissenschaftliche Fachr\u00e4ume zur Verf\u00fcgung, die im Jahre 2007 noch um einen weiteren Fachraum sowie einen Vorbereitungsraum f\u00fcr das Fach NWT erweitert wurden. Gleichzeitig wurde bei diesen Umgestaltungen auch ein Teil der Fachr\u00e4ume auf den neuesten Stand der gebracht. Alle R\u00e4ume der Schule besitzen einen Internetanschluss. Zudem ist die Schule sehr gut mit Medien ausgestattet. Im Schuljahr 2007\/2008 wurden die ersten beiden Activeboards angeschafft; inzwischen sind nahezu alle Unterrichtsr\u00e4ume mit diesen interaktiven Tafeln ausgestattet.<\/p>\n\n\n\n<p>F\u00fcr das Fach Bildende Kunst stehen zwei Zeichens\u00e4le, ein Werkraum, ein Brennraum sowie ein Vorbereitungsraum zur Verf\u00fcgung.<\/p>\n\n\n\n<p>Zwei sehr gut ausgestattete Computerr\u00e4ume mit jeweils 18 Arbeitspl\u00e4tzen sowie mehrere Klassens\u00e4tze iPads bieten allen F\u00e4chern die M\u00f6glichkeit, Computer und Internet im Unterricht sinnvoll einzusetzen.<\/p>\n\n\n\n<p>F\u00fcr die Sch\u00fclerinnen und Sch\u00fcler stehen ein Kursstufenraum, ein Stillarbeitsraum sowie ab Mittag der Nebenraum der Bibliothek als Aufenthalts-, Arbeits- oder Leseraum zur Verf\u00fcgung. Im \u201ealten Fahrradkeller\u201c wurden Schlie\u00dff\u00e4cher eingerichtet. Seit dem Schuljahr 2007\/2008 k\u00f6nnen die Sch\u00fclerinnen und Sch\u00fcler in der Mensa aus einem breiten Angebot an Speisen und Getr\u00e4nken w\u00e4hlen. Zudem haben die zahlreichen Arbeitsgemeinschaften in der neu gebauten Halle am Feldweg eine \u00dcbungsm\u00f6glichkeit bzw. mit der neuen B\u00fchne eine angemessene Pr\u00e4sentationsm\u00f6glichkeit, die bei den verschiedensten Veranstaltungen (Musical, Auff\u00fchrungen der Theater-AG, Chorauftritte) intensiv genutzt wird. In der Aula k\u00f6nnen verschiedene Veranstaltungen der Schulgemeinschaft (Abiturfeier, Weihnachtsfeier, Elternversammlung, Schulfasnet) gemeinsam erlebt und gefeiert werden, was bis dahin nur begrenzt m\u00f6glich war.<\/p>\n\n\n\n<figure class=\"wp-block-image size-full\"><img loading=\"lazy\" decoding=\"async\" width=\"3949\" height=\"1366\" src=\"https:\/\/mhgmesskirch.de\/mhg\/wp-content\/uploads\/2023\/11\/Schulversammlung2.jpg\" alt=\"\" class=\"wp-image-2858\"\/><\/figure>\n\n\n\n<p>Im Schuljahr 2023\/2024 unterrichten 31 Lehrkr\u00e4fte 328 Sch\u00fclerinnen und Sch\u00fcler. Die durchschnittliche Sch\u00fclerzahl bei den Klassen 5 bis 10 liegt bei 21,7.<\/p>\n\n\n\n<p>Das Sekretariat ist mit einer Teilzeitstelle (67%) besetzt. Ein Hausmeister k\u00fcmmert sich um die Geb\u00e4ude und Anlagen in Vollzeit. Die Stelle der Schulsozialarbeiterin wurde mittlerweile auf 50% aufgestockt.<\/p>\n\n\n\n<p>Die Ordnungen der Schule (Hausordnung, Computerraumordnung), die gemeinsam mit Eltern und Sch\u00fclern erstellt wurden, bringen den Sch\u00fclern ein hohes Ma\u00df an Vertrauen entgegen.<\/p>\n\n\n\n<p>Das Vertretungskonzept der Schule stellt sicher, dass die Sch\u00fclerinnen und Sch\u00fcler von der ersten bis zur 5. Stunde mit Unterricht \/ Aufgaben versorgt werden, wenn Lehrkr\u00e4fte krank oder aus anderen Gr\u00fcnden abwesend sind.  <\/p>\n\n\n\n<p>Ein reges Schulleben am Martin-Heidegger-Gymnasium zeigt sich in den zahlreichen Theater- und Chorauff\u00fchrungen, einer Vielzahl von Exkursionen, der erfolgreichen Teilnahme an Wettbewerben und bei \u201eJugend trainiert f\u00fcr Olympia\u201c oder den Theater- und Musicalfahrten. Das Schuljahr wird strukturiert durch j\u00e4hrlich sich wiederholende Termine wie die Schulversammlungen am Schuljahresanfang, an Weihnachten und am letzten Schultag, die Schulfasnet, den gemeinsamen Schulausflugstag und die Bundesjugendspiele. In Klasse 6 findet ein Schullandheimaufenthalt statt, in Klasse 9 werden die Tage der Orientierung durchgef\u00fchrt und die Profilf\u00e4cher machen eine Exkursion nach Barcelona (Spanisch) und Hamburg (NWT); die Jahrgangsstufe 11 besucht im Rahmen einer Studienfahrt die Hauptstadt Berlin.<\/p>\n\n\n\n<figure class=\"wp-block-image size-full\"><img loading=\"lazy\" decoding=\"async\" width=\"2685\" height=\"2125\" src=\"https:\/\/mhgmesskirch.de\/mhg\/wp-content\/uploads\/2023\/07\/Alpencross2.jpg\" alt=\"\" class=\"wp-image-2394\"\/><\/figure>\n\n\n\n<p>Eine besondere Bedeutung hat die vertrauensvolle Zusammenarbeit von Schule und Eltern. Zu Beginn des Schuljahres informiert der Schulleiter die Eltern in einer zentralen Veranstaltung \u00fcber die wesentlichen Ziele der Schule f\u00fcr das kommende Schuljahr. In Elternbriefen wird der Informationsfluss \u00fcber alle aktuellen Ereignisse an der Schule aufrechterhalten. Klassenpflegschaften, der Elternsprechtag sowie viele Veranstaltungen und Feste bieten die M\u00f6glichkeit f\u00fcr einen intensiven Austausch zwischen Eltern und Lehrern. Der Schulleiter und seine Stellvertreterin stehen immer f\u00fcr alle Fragen der Eltern zur Verf\u00fcgung. Das Gespr\u00e4ch zwischen Schulleitung und Elternvertretern ist fester Bestandteil der Elternbeiratssitzungen am Martin-Heidegger-Gymnasium, auf denen mitunter auch einzelne Kolleginnen und Kollegen zu einem Spezialgebiet informieren.<\/p>\n","protected":false},"excerpt":{"rendered":"<p>Das Martin-Heidegger-Gymnasium Me\u00dfkirch ist ein allgemeinbildendes Gymnasium mit naturwissenschaftlichem und sprachlichem Profil. Es hat \u00fcber die Stadt Me\u00dfkirch hinaus ein l\u00e4ndliches Einzugsgebiet. Mit der Umstellung auf das achtj\u00e4hrige Gymnasium wurde das Martin-Heidegger-Gymnasium zu einer Ganztagesschule in offener Form ausgebaut. Das hei\u00dft, dass es an den Nachmittagen freiwillige Betreuungs- und F\u00f6rderangebote gibt. Es wurden eine Sch\u00fclerbibliothek [&hellip;]<\/p>\n","protected":false},"author":1,"featured_media":0,"parent":0,"menu_order":0,"comment_status":"closed","ping_status":"closed","template":"","meta":{"footnotes":""},"class_list":["post-536","page","type-page","status-publish","hentry"],"_links":{"self":[{"href":"https:\/\/mhgmesskirch.de\/mhg\/index.php?rest_route=\/wp\/v2\/pages\/536","targetHints":{"allow":["GET"]}}],"collection":[{"href":"https:\/\/mhgmesskirch.de\/mhg\/index.php?rest_route=\/wp\/v2\/pages"}],"about":[{"href":"https:\/\/mhgmesskirch.de\/mhg\/index.php?rest_route=\/wp\/v2\/types\/page"}],"author":[{"embeddable":true,"href":"https:\/\/mhgmesskirch.de\/mhg\/index.php?rest_route=\/wp\/v2\/users\/1"}],"replies":[{"embeddable":true,"href":"https:\/\/mhgmesskirch.de\/mhg\/index.php?rest_route=%2Fwp%2Fv2%2Fcomments&post=536"}],"version-history":[{"count":6,"href":"https:\/\/mhgmesskirch.de\/mhg\/index.php?rest_route=\/wp\/v2\/pages\/536\/revisions"}],"predecessor-version":[{"id":2859,"href":"https:\/\/mhgmesskirch.de\/mhg\/index.php?rest_route=\/wp\/v2\/pages\/536\/revisions\/2859"}],"wp:attachment":[{"href":"https:\/\/mhgmesskirch.de\/mhg\/index.php?rest_route=%2Fwp%2Fv2%2Fmedia&parent=536"}],"curies":[{"name":"wp","href":"https:\/\/api.w.org\/{rel}","templated":true}]}}