{"id":538,"date":"2022-09-14T18:15:16","date_gmt":"2022-09-14T18:15:16","guid":{"rendered":"https:\/\/web49967.greatnet-hosting.de\/wordpress_10\/?page_id=538"},"modified":"2026-02-22T12:48:21","modified_gmt":"2026-02-22T12:48:21","slug":"organigramm","status":"publish","type":"page","link":"https:\/\/mhgmesskirch.de\/mhg\/?page_id=538","title":{"rendered":"Organigramm"},"content":{"rendered":"\n<p><\/p>\n\n\n\n<p class=\"has-text-align-center\"><strong>Ansprechpartner und Zust\u00e4ndigkeiten 2025\/2<\/strong>6<\/p>\n\n\n\n<p><\/p>\n\n\n\n<figure class=\"wp-block-table aligncenter\"><table><tbody><tr><td class=\"has-text-align-center\" data-align=\"center\"><strong>Name, Funktion<\/strong><\/td><td class=\"has-text-align-left\" data-align=\"left\"><strong>Zust\u00e4ndigkeit<\/strong><\/td><\/tr><tr><td class=\"has-text-align-center\" data-align=\"center\">Tobias Andelfinger, Schulleiter<\/td><td class=\"has-text-align-left\" data-align=\"left\">p\u00e4dagogische und administrative Gesamtverantwortung <br>dienstliche Beurteilungen <br>Genehmigung von Dienstreisen und au\u00dferunterrichtlicher Veranstaltungen <br>Beurlaubungen von mehr als einem Tag <br>Terminplan <br>Fortbildungsmanagement <br>Vertretungsplan <br>Schulentwicklung <br>FB Literatur und Theater <br>\u00d6ffentlichkeitsarbeit <br>Lernen mit R\u00fcckenwind<br>Ansprechperson f\u00fcr chronisch kranke Sch\u00fclerinnen und Sch\u00fcler<\/td><\/tr><tr><td class=\"has-text-align-center\" data-align=\"center\">Simone H\u00e4gele-Schatz, stv. Schulleiterin<\/td><td class=\"has-text-align-left\" data-align=\"left\">Organisation von Pr\u00fcfungen <br>Klassenbildung und Raumzuweisung <br>Erstellung und Einhaltung des Aufsichtsplans <br>Vertretungsplan <br>Kontrolle digitales Klassenbuch <br>Notenverwaltung Kl. 5 \u2013 10 <br>Koordinierung F\u00f6rderbedarf <br>Sch\u00fclernachhilfe <br>Kooperation mit au\u00dferschulischen Partnern &#8211; Methodencurriculum<\/td><\/tr><tr><td class=\"has-text-align-center\" data-align=\"center\">Stefanie Rettich, Abteilungsleiterin<\/td><td class=\"has-text-align-left\" data-align=\"left\">Pr\u00e4ventionslehrkraft <br>Unterrichtsentwicklung <br>FB Deutsch <br>Schulportfolio\/Klassenportfolio <br>Oberstufenberatung <br>Mittagsbetreuung<\/td><\/tr><tr><td class=\"has-text-align-center\" data-align=\"center\">Ulrich Braunschweig, Abteilungsleiter<\/td><td class=\"has-text-align-left\" data-align=\"left\">Unterrichtsentwicklung <br>Begabtenf\u00f6rderung <br>Stundenplan <br>FB Mathematik <br>Ansprechpartner F\u00f6rderverein <br>Abschlusshock<\/td><\/tr><tr><td class=\"has-text-align-center\" data-align=\"center\">Annette N\u00fcrk-Fischer, Abteilungsleiterin<\/td><td class=\"has-text-align-left\" data-align=\"left\">Unterrichtsentwicklung<br>Pr\u00e4vention<\/td><\/tr><tr><td class=\"has-text-align-center\" data-align=\"center\">Linda Abberger<\/td><td class=\"has-text-align-left\" data-align=\"left\">FB Ethik<br>Verbindungslehrerin SMV<br>Sch\u00fclerbibliothek<\/td><\/tr><tr><td class=\"has-text-align-center\" data-align=\"center\">Heiko Adler<\/td><td class=\"has-text-align-left\" data-align=\"left\">Netzwerk <br>Moodle und digitale Entwicklung <br>Mathematikwettbewerbe<\/td><\/tr><tr><td class=\"has-text-align-center\" data-align=\"center\">Beate Bames<\/td><td class=\"has-text-align-left\" data-align=\"left\">Pr\u00e4ventionsbeauftragte <br>Betreuung Medienmentoren <br>FB Biologie und Bnt<\/td><\/tr><tr><td class=\"has-text-align-center\" data-align=\"center\">Stefan Bartknecht<\/td><td class=\"has-text-align-left\" data-align=\"left\">Technik (Halle, Auff\u00fchrungen,\u2026) <br>Multimediabeauftragter <br>Netzwerk<br>FB Informatik <br>Schule@BW \/ IdAM <br>Homepage<\/td><\/tr><tr><td class=\"has-text-align-center\" data-align=\"center\">Markus Fiederer<\/td><td class=\"has-text-align-left\" data-align=\"left\">Offenes Lernen (OL) <br>FB Geschichte<\/td><\/tr><tr><td class=\"has-text-align-center\" data-align=\"center\">Matthias Fleisch<\/td><td class=\"has-text-align-left\" data-align=\"left\">Berufsorientierung <br>DELF <br>FB Wirtschaft<\/td><\/tr><tr><td class=\"has-text-align-center\" data-align=\"center\">Andrea Gn\u00e4dig<\/td><td class=\"has-text-align-left\" data-align=\"left\">FB Geschichte <br>Betreuung Klassenlehrerstunde 5\/6 <br>Mediencurriculum<\/td><\/tr><tr><td class=\"has-text-align-center\" data-align=\"center\">Marion Gut<\/td><td class=\"has-text-align-left\" data-align=\"left\">Hygieneplan<\/td><\/tr><tr><td class=\"has-text-align-center\" data-align=\"center\">Juliane Holland<\/td><td class=\"has-text-align-left\" data-align=\"left\">Lernentwicklungsgespr\u00e4che<br>Demokratiebildung<\/td><\/tr><tr><td class=\"has-text-align-center\" data-align=\"center\">Lisa Jakob<\/td><td class=\"has-text-align-left\" data-align=\"left\">Verkehrssicherheitsbeauftragte<\/td><\/tr><tr><td class=\"has-text-align-center\" data-align=\"center\">Annika Kaunas<\/td><td class=\"has-text-align-left\" data-align=\"left\">FB Chemie und bNT<br>Betreute Lernzeit<\/td><\/tr><tr><td class=\"has-text-align-center\" data-align=\"center\">Lars Kettner<\/td><td class=\"has-text-align-left\" data-align=\"left\">FB Spanisch <br>Erasmus+ <br>Umwelterziehung <\/td><\/tr><tr><td class=\"has-text-align-center\" data-align=\"center\">Ralph Kiechle<\/td><td class=\"has-text-align-left\" data-align=\"left\">FB Physik und NWT <br>Stundenplan<\/td><\/tr><tr><td class=\"has-text-align-center\" data-align=\"center\">Corinna Knittel-Wiehl<\/td><td class=\"has-text-align-left\" data-align=\"left\">Personalr\u00e4tin <br>Beratungslehrerin<br>Jahrbuch<\/td><\/tr><tr><td class=\"has-text-align-center\" data-align=\"center\">Jonas K\u00fcnstner<\/td><td class=\"has-text-align-left\" data-align=\"left\">Personalrat <br>Gestaltung Lern- und Aufenthaltsbereiche<\/td><\/tr><tr><td class=\"has-text-align-center\" data-align=\"center\">Katja Lammert<\/td><td class=\"has-text-align-left\" data-align=\"left\">Ansprechpartnerin der BfC <br>Erste Hilfe, Schulsanit\u00e4tsdienst <br>Lernmittelfreiheit <br>Abschlusshock<\/td><\/tr><tr><td class=\"has-text-align-center\" data-align=\"center\">Jessica Maier<\/td><td class=\"has-text-align-left\" data-align=\"left\">FB Sport <br>Mittagsbetreuung <br>Personalr\u00e4tin <br>Ausbildungslehrerin<\/td><\/tr><tr><td class=\"has-text-align-center\" data-align=\"center\">Florian  Neubrand<\/td><td class=\"has-text-align-left\" data-align=\"left\">Ansprechperson Seminarkurs und GFS<\/td><\/tr><tr><td class=\"has-text-align-center\" data-align=\"center\">Mario Milos<\/td><td class=\"has-text-align-left\" data-align=\"left\">FB Englisch <br>Japanaustausch<\/td><\/tr><tr><td class=\"has-text-align-center\" data-align=\"center\">Christian Obergfell<\/td><td class=\"has-text-align-left\" data-align=\"left\">Umwelterziehung<\/td><\/tr><tr><td class=\"has-text-align-center\" data-align=\"center\">Susanne Pflumm-Hruza<\/td><td class=\"has-text-align-left\" data-align=\"left\">FB Musik<\/td><\/tr><tr><td class=\"has-text-align-center\" data-align=\"center\">Constantin Regenauer<\/td><td class=\"has-text-align-left\" data-align=\"left\">FB Gemeinschaftskunde<\/td><\/tr><tr><td class=\"has-text-align-center\" data-align=\"center\">Stefan Schmid<\/td><td class=\"has-text-align-left\" data-align=\"left\">Sch\u00fcleraustausch mit Sassenage <br>DELF  <br>FB Franz\u00f6sisch <br>FB evangelische Religion <br>FB Psychologie<\/td><\/tr><tr><td class=\"has-text-align-center\" data-align=\"center\">Sebastian Schneider<\/td><td class=\"has-text-align-left\" data-align=\"left\">FB Geographie<br>Katastrophenschutz<br>Sicherheitsbeauftragter<\/td><\/tr><tr><td class=\"has-text-align-center\" data-align=\"center\">Andrea Stumpf<\/td><td class=\"has-text-align-left\" data-align=\"left\">FB Kunst<\/td><\/tr><tr><td class=\"has-text-align-center\" data-align=\"center\">Otmar Wetzel<\/td><td class=\"has-text-align-left\" data-align=\"left\">Sozialcurriculum <br>FB katholische Religion <br>Tage der Orientierung <br>Schulseelsorger<\/td><\/tr><\/tbody><\/table><\/figure>\n\n\n<\/p>","protected":false},"excerpt":{"rendered":"<p>Ansprechpartner und Zust\u00e4ndigkeiten 2025\/26 Name, FunktionZust\u00e4ndigkeitTobias Andelfinger, Schulleiterp\u00e4dagogische und administrative Gesamtverantwortung dienstliche Beurteilungen Genehmigung von Dienstreisen und au\u00dferunterrichtlicher Veranstaltungen Beurlaubungen von mehr als einem Tag Terminplan Fortbildungsmanagement Vertretungsplan Schulentwicklung FB Literatur und Theater \u00d6ffentlichkeitsarbeit Lernen mit R\u00fcckenwindAnsprechperson f\u00fcr chronisch kranke Sch\u00fclerinnen und Sch\u00fclerSimone H\u00e4gele-Schatz, stv. SchulleiterinOrganisation von Pr\u00fcfungen Klassenbildung und Raumzuweisung Erstellung und Einhaltung des [&hellip;]<\/p>\n","protected":false},"author":1,"featured_media":0,"parent":0,"menu_order":0,"comment_status":"closed","ping_status":"closed","template":"page-templates\/full-width-page.php","meta":{"footnotes":""},"class_list":["post-538","page","type-page","status-publish","hentry"],"_links":{"self":[{"href":"https:\/\/mhgmesskirch.de\/mhg\/index.php?rest_route=\/wp\/v2\/pages\/538","targetHints":{"allow":["GET"]}}],"collection":[{"href":"https:\/\/mhgmesskirch.de\/mhg\/index.php?rest_route=\/wp\/v2\/pages"}],"about":[{"href":"https:\/\/mhgmesskirch.de\/mhg\/index.php?rest_route=\/wp\/v2\/types\/page"}],"author":[{"embeddable":true,"href":"https:\/\/mhgmesskirch.de\/mhg\/index.php?rest_route=\/wp\/v2\/users\/1"}],"replies":[{"embeddable":true,"href":"https:\/\/mhgmesskirch.de\/mhg\/index.php?rest_route=%2Fwp%2Fv2%2Fcomments&post=538"}],"version-history":[{"count":20,"href":"https:\/\/mhgmesskirch.de\/mhg\/index.php?rest_route=\/wp\/v2\/pages\/538\/revisions"}],"predecessor-version":[{"id":4152,"href":"https:\/\/mhgmesskirch.de\/mhg\/index.php?rest_route=\/wp\/v2\/pages\/538\/revisions\/4152"}],"wp:attachment":[{"href":"https:\/\/mhgmesskirch.de\/mhg\/index.php?rest_route=%2Fwp%2Fv2%2Fmedia&parent=538"}],"curies":[{"name":"wp","href":"https:\/\/api.w.org\/{rel}","templated":true}]}}

<p></p>



<p class="has-text-align-center"><strong>Ansprechpartner und Zuständigkeiten 2025/2</strong>6</p>



<p></p>



<figure class="wp-block-table aligncenter"><table><tbody><tr><td class="has-text-align-center" data-align="center"><strong>Name, Funktion</strong></td><td class="has-text-align-left" data-align="left"><strong>Zuständigkeit</strong></td></tr><tr><td class="has-text-align-center" data-align="center">Tobias Andelfinger, Schulleiter</td><td class="has-text-align-left" data-align="left">pädagogische und administrative Gesamtverantwortung <br>dienstliche Beurteilungen <br>Genehmigung von Dienstreisen und außerunterrichtlicher Veranstaltungen <br>Beurlaubungen von mehr als einem Tag <br>Terminplan <br>Fortbildungsmanagement <br>Vertretungsplan <br>Schulentwicklung <br>FB Literatur und Theater <br>Öffentlichkeitsarbeit <br>Lernen mit Rückenwind<br>Ansprechperson für chronisch kranke Schülerinnen und Schüler</td></tr><tr><td class="has-text-align-center" data-align="center">Simone Hägele-Schatz, stv. Schulleiterin</td><td class="has-text-align-left" data-align="left">Organisation von Prüfungen <br>Klassenbildung und Raumzuweisung <br>Erstellung und Einhaltung des Aufsichtsplans <br>Vertretungsplan <br>Kontrolle digitales Klassenbuch <br>Notenverwaltung Kl. 5 – 10 <br>Koordinierung Förderbedarf <br>Schülernachhilfe <br>Kooperation mit außerschulischen Partnern &#8211; Methodencurriculum</td></tr><tr><td class="has-text-align-center" data-align="center">Stefanie Rettich, Abteilungsleiterin</td><td class="has-text-align-left" data-align="left">Präventionslehrkraft <br>Unterrichtsentwicklung <br>FB Deutsch <br>Schulportfolio/Klassenportfolio <br>Oberstufenberatung <br>Mittagsbetreuung</td></tr><tr><td class="has-text-align-center" data-align="center">Ulrich Braunschweig, Abteilungsleiter</td><td class="has-text-align-left" data-align="left">Unterrichtsentwicklung <br>Begabtenförderung <br>Stundenplan <br>FB Mathematik <br>Ansprechpartner Förderverein <br>Abschlusshock</td></tr><tr><td class="has-text-align-center" data-align="center">Annette Nürk-Fischer, Abteilungsleiterin</td><td class="has-text-align-left" data-align="left">Unterrichtsentwicklung<br>Prävention</td></tr><tr><td class="has-text-align-center" data-align="center">Linda Abberger</td><td class="has-text-align-left" data-align="left">FB Ethik<br>Verbindungslehrerin SMV<br>Schülerbibliothek</td></tr><tr><td class="has-text-align-center" data-align="center">Heiko Adler</td><td class="has-text-align-left" data-align="left">Netzwerk <br>Moodle und digitale Entwicklung <br>Mathematikwettbewerbe</td></tr><tr><td class="has-text-align-center" data-align="center">Beate Bames</td><td class="has-text-align-left" data-align="left">Präventionsbeauftragte <br>Betreuung Medienmentoren <br>FB Biologie und Bnt</td></tr><tr><td class="has-text-align-center" data-align="center">Stefan Bartknecht</td><td class="has-text-align-left" data-align="left">Technik (Halle, Aufführungen,…) <br>Multimediabeauftragter <br>Netzwerk<br>FB Informatik <br>Schule@BW / IdAM <br>Homepage</td></tr><tr><td class="has-text-align-center" data-align="center">Markus Fiederer</td><td class="has-text-align-left" data-align="left">Offenes Lernen (OL) <br>FB Geschichte</td></tr><tr><td class="has-text-align-center" data-align="center">Matthias Fleisch</td><td class="has-text-align-left" data-align="left">Berufsorientierung <br>DELF <br>FB Wirtschaft</td></tr><tr><td class="has-text-align-center" data-align="center">Andrea Gnädig</td><td class="has-text-align-left" data-align="left">FB Geschichte <br>Betreuung Klassenlehrerstunde 5/6 <br>Mediencurriculum</td></tr><tr><td class="has-text-align-center" data-align="center">Marion Gut</td><td class="has-text-align-left" data-align="left">Hygieneplan</td></tr><tr><td class="has-text-align-center" data-align="center">Juliane Holland</td><td class="has-text-align-left" data-align="left">Lernentwicklungsgespräche<br>Demokratiebildung</td></tr><tr><td class="has-text-align-center" data-align="center">Lisa Jakob</td><td class="has-text-align-left" data-align="left">Verkehrssicherheitsbeauftragte</td></tr><tr><td class="has-text-align-center" data-align="center">Annika Kaunas</td><td class="has-text-align-left" data-align="left">FB Chemie und bNT<br>Betreute Lernzeit</td></tr><tr><td class="has-text-align-center" data-align="center">Lars Kettner</td><td class="has-text-align-left" data-align="left">FB Spanisch <br>Erasmus+ <br>Umwelterziehung </td></tr><tr><td class="has-text-align-center" data-align="center">Ralph Kiechle</td><td class="has-text-align-left" data-align="left">FB Physik und NWT <br>Stundenplan</td></tr><tr><td class="has-text-align-center" data-align="center">Corinna Knittel-Wiehl</td><td class="has-text-align-left" data-align="left">Personalrätin <br>Beratungslehrerin<br>Jahrbuch</td></tr><tr><td class="has-text-align-center" data-align="center">Jonas Künstner</td><td class="has-text-align-left" data-align="left">Personalrat <br>Gestaltung Lern- und Aufenthaltsbereiche</td></tr><tr><td class="has-text-align-center" data-align="center">Katja Lammert</td><td class="has-text-align-left" data-align="left">Ansprechpartnerin der BfC <br>Erste Hilfe, Schulsanitätsdienst <br>Lernmittelfreiheit <br>Abschlusshock</td></tr><tr><td class="has-text-align-center" data-align="center">Jessica Maier</td><td class="has-text-align-left" data-align="left">FB Sport <br>Mittagsbetreuung <br>Personalrätin <br>Ausbildungslehrerin</td></tr><tr><td class="has-text-align-center" data-align="center">Florian  Neubrand</td><td class="has-text-align-left" data-align="left">Ansprechperson Seminarkurs und GFS</td></tr><tr><td class="has-text-align-center" data-align="center">Mario Milos</td><td class="has-text-align-left" data-align="left">FB Englisch <br>Japanaustausch</td></tr><tr><td class="has-text-align-center" data-align="center">Christian Obergfell</td><td class="has-text-align-left" data-align="left">Umwelterziehung</td></tr><tr><td class="has-text-align-center" data-align="center">Susanne Pflumm-Hruza</td><td class="has-text-align-left" data-align="left">FB Musik</td></tr><tr><td class="has-text-align-center" data-align="center">Constantin Regenauer</td><td class="has-text-align-left" data-align="left">FB Gemeinschaftskunde</td></tr><tr><td class="has-text-align-center" data-align="center">Stefan Schmid</td><td class="has-text-align-left" data-align="left">Schüleraustausch mit Sassenage <br>DELF  <br>FB Französisch <br>FB evangelische Religion <br>FB Psychologie</td></tr><tr><td class="has-text-align-center" data-align="center">Sebastian Schneider</td><td class="has-text-align-left" data-align="left">FB Geographie<br>Katastrophenschutz<br>Sicherheitsbeauftragter</td></tr><tr><td class="has-text-align-center" data-align="center">Andrea Stumpf</td><td class="has-text-align-left" data-align="left">FB Kunst</td></tr><tr><td class="has-text-align-center" data-align="center">Otmar Wetzel</td><td class="has-text-align-left" data-align="left">Sozialcurriculum <br>FB katholische Religion <br>Tage der Orientierung <br>Schulseelsorger</td></tr></tbody></table></figure>


</p>

<p>Ansprechpartner und Zuständigkeiten 2025/26 Name, FunktionZuständigkeitTobias Andelfinger, Schulleiterpädagogische und administrative Gesamtverantwortung dienstliche Beurteilungen Genehmigung von Dienstreisen und außerunterrichtlicher Veranstaltungen Beurlaubungen von mehr als einem Tag Terminplan Fortbildungsmanagement Vertretungsplan Schulentwicklung FB Literatur und Theater Öffentlichkeitsarbeit Lernen mit RückenwindAnsprechperson für chronisch kranke Schülerinnen und SchülerSimone Hägele-Schatz, stv. SchulleiterinOrganisation von Prüfungen Klassenbildung und Raumzuweisung Erstellung und Einhaltung des [&hellip;]</p>
