{"id":542,"date":"2022-09-14T18:15:46","date_gmt":"2022-09-14T18:15:46","guid":{"rendered":"https:\/\/web49967.greatnet-hosting.de\/wordpress_10\/?page_id=542"},"modified":"2025-10-13T18:52:05","modified_gmt":"2025-10-13T18:52:05","slug":"foerderkonzept","status":"publish","type":"page","link":"https:\/\/mhgmesskirch.de\/mhg\/?page_id=542","title":{"rendered":"Lernentwicklungsgespr\u00e4che (LEG)"},"content":{"rendered":"\n<p>Das Martin-Heidegger-Gymnasium bietet allen Sch\u00fclern und Sch\u00fclerinnen ab der 7. Klasse &nbsp;eine enge Lernbegleitung durch Lehrer und Lehrerinnen an. Die Gespr\u00e4che finden in einem vertraulichen Rahmen statt, damit die &nbsp;Sch\u00fcler offen ihre Anliegen mitteilen k\u00f6nnen. Denn im Zentrum der Gespr\u00e4che stehen die Anliegen der Sch\u00fcler rund um das Thema \u201eLernen\u201c. Dabei kann es um Lernstrategien, Umgang mit Stress, Lernmotivation, &nbsp;Konzentration und vieles mehr gehen.<\/p>\n\n\n\n<p>Im Gespr\u00e4ch werden gemeinsam Beratungsziele festgelegt und konkrete Ma\u00dfnahmen und Strategien ausgew\u00e4hlt. Nachdem die Strategien von den Sch\u00fclern ausprobiert wurden, findet eine Reflexion statt, um zu pr\u00fcfen, was sich bew\u00e4hrt hat oder ggf. ver\u00e4ndert werden muss.<\/p>\n\n\n\n<p>In den Lernentwicklungsgespr\u00e4chen beraten die Lehrer ressourcen- und l\u00f6sungsorientiert und haben stets den einzelnen Sch\u00fcler und dessen Bed\u00fcrfnisse im Blick.<\/p>\n\n\n\n<p>Ziel ist es, die Sch\u00fcler dazu zu bef\u00e4higen, ihr eigenes Lernverhalten zu reflektieren, lernspezifisches Fachwissen zu erlangen und eigene L\u00f6sungsstrategien zu entwickeln.<\/p>\n\n\n\n<p><\/p>\n","protected":false},"excerpt":{"rendered":"<p>Das Martin-Heidegger-Gymnasium bietet allen Sch\u00fclern und Sch\u00fclerinnen ab der 7. Klasse &nbsp;eine enge Lernbegleitung durch Lehrer und Lehrerinnen an. Die Gespr\u00e4che finden in einem vertraulichen Rahmen statt, damit die &nbsp;Sch\u00fcler offen ihre Anliegen mitteilen k\u00f6nnen. Denn im Zentrum der Gespr\u00e4che stehen die Anliegen der Sch\u00fcler rund um das Thema \u201eLernen\u201c. Dabei kann es um Lernstrategien, [&hellip;]<\/p>\n","protected":false},"author":1,"featured_media":0,"parent":0,"menu_order":0,"comment_status":"closed","ping_status":"closed","template":"","meta":{"footnotes":""},"class_list":["post-542","page","type-page","status-publish","hentry"],"_links":{"self":[{"href":"https:\/\/mhgmesskirch.de\/mhg\/index.php?rest_route=\/wp\/v2\/pages\/542","targetHints":{"allow":["GET"]}}],"collection":[{"href":"https:\/\/mhgmesskirch.de\/mhg\/index.php?rest_route=\/wp\/v2\/pages"}],"about":[{"href":"https:\/\/mhgmesskirch.de\/mhg\/index.php?rest_route=\/wp\/v2\/types\/page"}],"author":[{"embeddable":true,"href":"https:\/\/mhgmesskirch.de\/mhg\/index.php?rest_route=\/wp\/v2\/users\/1"}],"replies":[{"embeddable":true,"href":"https:\/\/mhgmesskirch.de\/mhg\/index.php?rest_route=%2Fwp%2Fv2%2Fcomments&post=542"}],"version-history":[{"count":4,"href":"https:\/\/mhgmesskirch.de\/mhg\/index.php?rest_route=\/wp\/v2\/pages\/542\/revisions"}],"predecessor-version":[{"id":3795,"href":"https:\/\/mhgmesskirch.de\/mhg\/index.php?rest_route=\/wp\/v2\/pages\/542\/revisions\/3795"}],"wp:attachment":[{"href":"https:\/\/mhgmesskirch.de\/mhg\/index.php?rest_route=%2Fwp%2Fv2%2Fmedia&parent=542"}],"curies":[{"name":"wp","href":"https:\/\/api.w.org\/{rel}","templated":true}]}}