{"id":598,"date":"2022-09-14T18:30:54","date_gmt":"2022-09-14T18:30:54","guid":{"rendered":"https:\/\/web49967.greatnet-hosting.de\/wordpress_10\/?page_id=598"},"modified":"2023-09-18T11:19:41","modified_gmt":"2023-09-18T11:19:41","slug":"miniband","status":"publish","type":"page","link":"https:\/\/mhgmesskirch.de\/mhg\/?page_id=598","title":{"rendered":"MiniBand"},"content":{"rendered":"\n<p>Die MiniBand ist offen f\u00fcr alle Sch\u00fclerinnen und Sch\u00fcler der Klassen 5 und 6, die ein Instrument spielen und Freude daran haben, mit anderen zu musizieren. Erste Auftrittserfahrungen k\u00f6nnen bei verschiedenen Anl\u00e4ssen gemacht werden, wie zum Beispiel bei der Einschulung der neuen F\u00fcnftkl\u00e4ssler oder der Weihnachtsfeier.<\/p>\n\n\n\n<figure class=\"wp-block-image size-full\"><img loading=\"lazy\" decoding=\"async\" width=\"3879\" height=\"2366\" src=\"https:\/\/mhgmesskirch.de\/mhg\/wp-content\/uploads\/2023\/09\/Miniband23-1.jpg\" alt=\"\" class=\"wp-image-2419\"\/><\/figure>\n","protected":false},"excerpt":{"rendered":"<p>Die MiniBand ist offen f\u00fcr alle Sch\u00fclerinnen und Sch\u00fcler der Klassen 5 und 6, die ein Instrument spielen und Freude daran haben, mit anderen zu musizieren. Erste Auftrittserfahrungen k\u00f6nnen bei verschiedenen Anl\u00e4ssen gemacht werden, wie zum Beispiel bei der Einschulung der neuen F\u00fcnftkl\u00e4ssler oder der Weihnachtsfeier.<\/p>\n","protected":false},"author":1,"featured_media":0,"parent":0,"menu_order":0,"comment_status":"closed","ping_status":"closed","template":"","meta":{"footnotes":""},"class_list":["post-598","page","type-page","status-publish","hentry"],"_links":{"self":[{"href":"https:\/\/mhgmesskirch.de\/mhg\/index.php?rest_route=\/wp\/v2\/pages\/598","targetHints":{"allow":["GET"]}}],"collection":[{"href":"https:\/\/mhgmesskirch.de\/mhg\/index.php?rest_route=\/wp\/v2\/pages"}],"about":[{"href":"https:\/\/mhgmesskirch.de\/mhg\/index.php?rest_route=\/wp\/v2\/types\/page"}],"author":[{"embeddable":true,"href":"https:\/\/mhgmesskirch.de\/mhg\/index.php?rest_route=\/wp\/v2\/users\/1"}],"replies":[{"embeddable":true,"href":"https:\/\/mhgmesskirch.de\/mhg\/index.php?rest_route=%2Fwp%2Fv2%2Fcomments&post=598"}],"version-history":[{"count":3,"href":"https:\/\/mhgmesskirch.de\/mhg\/index.php?rest_route=\/wp\/v2\/pages\/598\/revisions"}],"predecessor-version":[{"id":2421,"href":"https:\/\/mhgmesskirch.de\/mhg\/index.php?rest_route=\/wp\/v2\/pages\/598\/revisions\/2421"}],"wp:attachment":[{"href":"https:\/\/mhgmesskirch.de\/mhg\/index.php?rest_route=%2Fwp%2Fv2%2Fmedia&parent=598"}],"curies":[{"name":"wp","href":"https:\/\/api.w.org\/{rel}","templated":true}]}}