{"id":635,"date":"2022-09-14T18:41:41","date_gmt":"2022-09-14T18:41:41","guid":{"rendered":"https:\/\/web49967.greatnet-hosting.de\/wordpress_10\/?page_id=635"},"modified":"2023-01-10T11:09:15","modified_gmt":"2023-01-10T11:09:15","slug":"hamburg-nwt","status":"publish","type":"page","link":"https:\/\/mhgmesskirch.de\/mhg\/?page_id=635","title":{"rendered":"Hamburg (Profilfach NWT)"},"content":{"rendered":"\n<figure class=\"wp-block-image size-full is-resized\"><img loading=\"lazy\" decoding=\"async\" src=\"https:\/\/mhgmesskirch.de\/mhg\/wp-content\/uploads\/2022\/09\/Hamburg1.jpg\" alt=\"\" class=\"wp-image-886\" width=\"840\" height=\"460\"\/><figcaption class=\"wp-element-caption\">Hamburg Exkursion 2022<\/figcaption><\/figure>\n\n\n\n<p>Neben theoretischen Grundlagen und fachpraktischer Ausbildung in diversen Bereichen der modernen Ingenieurstechnik m\u00f6chten wir den Sch\u00fcler*Innen auch die M\u00f6glichkeit bieten, das von ihnen Erlernte anhand konkreter Industriestandorte im Einsatz zu sehen. Darum bieten wir alle zwei Jahre f\u00fcr die Klassenstufen 9 und 10 eine einw\u00f6chige Studienfahrt\u00a0 nach Hamburg an. Hamburg ist im St\u00e4dtevergleich, gemessen am Umsatz, der mit Abstand gr\u00f6\u00dfte Industriestandort Deutschlands, weiterhin ist Hamburg der weltweit <a href=\"https:\/\/www.hk24.de\/produktmarken\/branchen-cluster-netzwerke\/branchen\/industrieplatz-hamburg\/branchenueberblick-3162454\" data-type=\"URL\" data-id=\"https:\/\/www.hk24.de\/produktmarken\/branchen-cluster-netzwerke\/branchen\/industrieplatz-hamburg\/branchenueberblick-3162454\">drittgr\u00f6\u00dfte Standort des zivilen Flugzeugbaus<\/a>, mit dem besch\u00e4ftigungsst\u00e4rksten Unternehmen Hamburgs Airbus sowie der Nummer drei in dieser Statistik Lufthansa Technik. Weitere renommierte Unternehmen sowie ein breites Freizeitprogramm runden das Angebot ab.<\/p>\n\n\n\n<p><strong>M\u00f6gliche Ziele<\/strong><\/p>\n\n\n\n<p><strong>Fachspezifisch<\/strong><\/p>\n\n\n\n<ul class=\"wp-block-list\">\n<li>Hamburger Hafen (Modul Kran)<\/li>\n\n\n\n<li>Offshore-Windpark Global Tech I (Modul Windkraft)<\/li>\n\n\n\n<li>DESY: Deutsches Elektronen-Synchrotron (Modul Messen)<\/li>\n\n\n\n<li>Airbus-Werke (Konstruktion)<\/li>\n\n\n\n<li>Flughafen Hamburg (Verfahrenstechnik)<\/li>\n\n\n\n<li>STILL Gabelstapler (Steuern und Regeln)<\/li>\n\n\n\n<li>Olympus Deutschland (Sensorik)<\/li>\n<\/ul>\n\n\n\n<p><strong>Allgemeinbildung<\/strong><\/p>\n\n\n\n<ul class=\"wp-block-list\">\n<li>Tierpark Hagenbeck<\/li>\n\n\n\n<li>Miniatur-Wunderland<\/li>\n\n\n\n<li>Planetarium<\/li>\n\n\n\n<li>Museumsschiff Rickmer Rickmers<\/li>\n\n\n\n<li>Panoptikum<\/li>\n\n\n\n<li>Cuxhaven<\/li>\n\n\n\n<li>Stadtf\u00fchrung, speziell:\n<ul class=\"wp-block-list\">\n<li>Elbphilharmonie &amp; Speicherstadt<\/li>\n\n\n\n<li>St. Pauli Landungsbr\u00fccken\n<ul class=\"wp-block-list\"><\/ul>\n<\/li>\n\n\n\n<li>Michel<\/li>\n\n\n\n<li>Elbtunnel<\/li>\n\n\n\n<li>St. Nikolai<\/li>\n\n\n\n<li>Planten un Blomen<\/li>\n\n\n\n<li>Fischmarkt<\/li>\n\n\n\n<li>Reeperbahn (nach Absprache mit den Eltern)<\/li>\n<\/ul>\n<\/li>\n<\/ul>\n\n\n\n<p><strong>Unterhaltung<\/strong><\/p>\n\n\n\n<ul class=\"wp-block-list\">\n<li>Diverse Musicals<\/li>\n\n\n\n<li>Bootsfahrt auf der Alster<\/li>\n\n\n\n<li>Shopping<\/li>\n\n\n\n<li>Heide-Park Soltau<\/li>\n<\/ul>\n\n\n\n<p><\/p>\n\n\n\n<p><\/p>\n","protected":false},"excerpt":{"rendered":"<p>Neben theoretischen Grundlagen und fachpraktischer Ausbildung in diversen Bereichen der modernen Ingenieurstechnik m\u00f6chten wir den Sch\u00fcler*Innen auch die M\u00f6glichkeit bieten, das von ihnen Erlernte anhand konkreter Industriestandorte im Einsatz zu sehen. Darum bieten wir alle zwei Jahre f\u00fcr die Klassenstufen 9 und 10 eine einw\u00f6chige Studienfahrt\u00a0 nach Hamburg an. Hamburg ist im St\u00e4dtevergleich, gemessen am [&hellip;]<\/p>\n","protected":false},"author":1,"featured_media":0,"parent":0,"menu_order":0,"comment_status":"closed","ping_status":"closed","template":"","meta":{"footnotes":""},"class_list":["post-635","page","type-page","status-publish","hentry"],"_links":{"self":[{"href":"https:\/\/mhgmesskirch.de\/mhg\/index.php?rest_route=\/wp\/v2\/pages\/635","targetHints":{"allow":["GET"]}}],"collection":[{"href":"https:\/\/mhgmesskirch.de\/mhg\/index.php?rest_route=\/wp\/v2\/pages"}],"about":[{"href":"https:\/\/mhgmesskirch.de\/mhg\/index.php?rest_route=\/wp\/v2\/types\/page"}],"author":[{"embeddable":true,"href":"https:\/\/mhgmesskirch.de\/mhg\/index.php?rest_route=\/wp\/v2\/users\/1"}],"replies":[{"embeddable":true,"href":"https:\/\/mhgmesskirch.de\/mhg\/index.php?rest_route=%2Fwp%2Fv2%2Fcomments&post=635"}],"version-history":[{"count":5,"href":"https:\/\/mhgmesskirch.de\/mhg\/index.php?rest_route=\/wp\/v2\/pages\/635\/revisions"}],"predecessor-version":[{"id":1780,"href":"https:\/\/mhgmesskirch.de\/mhg\/index.php?rest_route=\/wp\/v2\/pages\/635\/revisions\/1780"}],"wp:attachment":[{"href":"https:\/\/mhgmesskirch.de\/mhg\/index.php?rest_route=%2Fwp%2Fv2%2Fmedia&parent=635"}],"curies":[{"name":"wp","href":"https:\/\/api.w.org\/{rel}","templated":true}]}}